. Let t = u + 225. What is m(t)?
1
Let a(n) = n**3 + 5*n**2 + 2*n. Let p be ((32 + 10)/(-7))/(-4 + 6). Give a(p).
12
Let d(r) = -10 - r**2 + r + 6*r + 21. Let v = 132 + -4. Suppose k - v = -15*k. Determine d(k).
3
Let b(s) = -4*s. Suppose -4*q + 25 = -5*v + 227, -178 = -5*v - 4*q. Let t = v - 29. Suppose f - h = -2*f - t, -4*f - 3*h - 12 = 0. What is b(f)?
12
Let l(u) be the third derivative of u**5/20 + 11*u**4/8 - 37*u**3/6 + 3*u**2 + 2*u + 161. Give l(-11).
-37
Suppose -4*k + 542 = 2*w, 2*k - w - 375 = -114. Suppose -119 = 2*l - k. Let o(p) = -l*p - 1 + p**2 + 4*p + 8*p. What is o(-4)?
-5
Let q(v) = -5*v**2 - 9*v - 17. Let w(x) = -7*x**2 - 8*x - 16. Let a(n) = 3*q(n) - 2*w(n). What is a(-7)?
9
Let c(y) = 5*y - 2 - 7*y + 5 - 4. Let b(h) = 5*h + 3. Let w(q) = -3*b(q) - 7*c(q). Suppose -1 = 3*r - 4*m, 2*r - 7*m + 11*m - 26 = 0. What is w(r)?
-7
Suppose 0 = q + 5*i - 6, -2*q + i + 2*i = 14. Let l(v) be the third derivative of v**5/60 + v**4/4 - v**3/6 + 2*v**2 + 5269. Calculate l(q).
-9
Let t(x) be the first derivative of x**5/20 - 11*x**4/12 + x**3/3 - 7*x**2 + 60*x + 7. Let v(l) be the first derivative of t(l). Give v(11).
8
Let r = -8617 + 8622. Let f(t) be the third derivative of 0 + 0*t + 6*t**2 - 1/4*t**4 + 1/2*t**3 - 1/60*t**r. Calculate f(-5).
8
Let x(r) be the second derivative of r**4/12 - r**3/6 - 81*r**2/2 - r - 1088. Determine x(-8).
-9
Let w(y) = 5*y**3 - 13*y**2 - 6*y + 14. Let r(f) = -2*f**3 + 4*f**2 + 2*f - 5. Let t be ((-32)/8*-2)/(1/1). Let g(h) = t*r(h) + 3*w(h). Calculate g(-7).
16
Let q(s) = 20*s**3 - 83*s**2 + 134*s - 727. Let o(p) = -7*p**3 + 28*p**2 - 45*p + 257. Let m(d) = -17*o(d) - 6*q(d). Determine m(20).
13
Let w(a) be the first derivative of a**4/4 - 13*a**3/3 - 9*a**2/2 + 111*a - 1241. Give w(13).
-6
Let b(w) = 50*w - 9. Let m(p) = 6*p - 4. Let n(y) = -b(y) + 2*m(y). Determine n(-1).
39
Let x(w) be the first derivative of -25*w**2/2 - 2*w + 539. Determine x(-1).
23
Let b(u) = -u**3 + 10*u**2 + 10*u + 4. Let f be b(11). Let k(s) = -5*s**2 + 14*s + 61. Let h(i) = -3*i**2 + 8*i + 30. Let n(g) = f*h(g) + 4*k(g). What is n(0)?
34
Suppose 286*g - 288*g - 3*m + 8 = 0, -2*m + 4 = 0. Let r(h) be the third derivative of h**4/2 - h**3/6 + h**2. What is r(g)?
11
Let c = -2 - -7. Let f(b) = -2*b**3 + 6*b**2 + 12*b - 29. Let m be f(2). Let z(s) = m*s + 3*s - 3*s + 733*s**3 - 5 - 732*s**3 - 5*s**2 - 2*s. Determine z(c).
0
Let j(g) = -7*g. Let l = -156 - -144. Let r be 24/(-11) + l/(-66). Give j(r).
14
Let r(g) = -2*g**2 - 4*g + 0 + g**2 + 6. Suppose 15*j = 9*j - 24. Let s be 175/105*(j + 1). Give r(s).
1
Let j(f) = f**3 + 28*f**2 + 51*f - 32. Suppose -2301*y - 130 = -2296*y. Determine j(y).
-6
Let u(b) = b - 7*b**2 - 2*b + 8 - b**3 - 4*b. Suppose 12*p - 10*p + 8 = 0, 0 = -2*n - 2*p + 32. Suppose -n*c + 56 = 176. Determine u(c).
2
Let w(m) = -121 + 9*m - m + 4*m + 6*m + 7*m. Calculate w(5).
4
Let g(m) be the third derivative of -m**4/6 - m**3/6 + m**2 - 236. Let p be 33/(-55)*(6 - 1). Calculate g(p).
11
Let h(w) = 158*w - 6. Let z(b) = 58*b - 2. Let a(y) = 4*h(y) - 11*z(y). Determine a(-1).
4
Suppose -5*x + 22 = -4*c, 3*c + 0*c = 5*x - 19. Suppose 4*o = 4*m + 32, -4*o - m + x*m + 41 = 0. Let b(a) = 8 - 3 - a**2 + 5*a - o*a. Give b(-6).
5
Let v be 4 + (-48)/4 + 15. Let q(a) = 2 - 2*a - 7 - a**2 - v*a + 9. Determine q(-11).
-18
Let x(l) = l - 16. Suppose -4*m + 119 = 99. Suppose 13 = 2*u - m. Give x(u).
-7
Let w(l) be the first derivative of -5*l**3/3 - l + 34. Let n = -7 + 8. Let j be w(n). Let p(i) = -i**3 - 7*i**2 - 5*i + 4. What is p(j)?
-2
Let n(m) = -m**3 + m**2 - 4*m + 3. Let o(g) = g + 2*g**2 - g**3 - 5*g + 1 + 2. Let w = -278 + 275. Let d(s) = w*o(s) + 2*n(s). What is d(4)?
13
Let g(r) = -3*r - 5. Suppose 2*i - 4*d = 2, -5*d - 13 = -i + 2*i. Let k = 18 - i. Let b be k/(-6) - 1/2. What is g(b)?
7
Let s be (-5)/20 + (-7)/4. Let x(y) be the first derivative of -y**2/2 - 3*y - 1748. Give x(s).
-1
Let j(d) = -3 + 3*d + 3. Suppose 0 = -15*g + 50 - 20. Suppose g*o = 0, -o - 1 = s - 2*s. Calculate j(s).
3
Let f(o) = -2*o**2 - 19*o - 310 - 322 + 601. Calculate f(-7).
4
Let i(g) = -g**3 + 3*g**2 + g + 9. Let o = -4060 + 4060. Calculate i(o).
9
Let r(s) = -s**3 - 13*s**2 + s - 20. Let p be 4 + (-116)/30 + 1379/(-105). Give r(p).
-33
Let s(r) = 3 + r**3 - 524789*r**2 + 524786*r**2 - 10 - r. Let z = -2 + 6. Calculate s(z).
5
Let v be (24 - (-22 - -43))/(3/5). Let k(o) = 3 + 7*o - 7*o - 2 + 6*o. Calculate k(v).
31
Suppose 3*v - q - 60 = 16, 3*v - 80 = 2*q. Let s(n) = -22*n + 6 + v*n - 7. Determine s(-2).
-5
Let r(z) be the second derivative of -3*z**3/2 - 13*z**2 + 4588*z. Calculate r(-12).
82
Suppose -3 = a - 3*l, -l - 33 = -5*a - 2*l. Let z(q) = 2*q + 19*q**2 - 3 - 20*q**2 + 0 + a. Give z(6).
-21
Let o(s) = -s**2 - s + 13. Let k = -157 + 168. Suppose -2*i - 2 = -y, k*i - 16 = -3*y + 7*i. Give o(y).
-7
Let r(q) = 2*q**3 + 6*q**2 - 14. Let f = -13024 - -13022. Give r(f).
-6
Let m(c) be the second derivative of c**5/20 + 7*c**4/12 + 11*c**3/6 + 9*c**2/2 - 232*c. Determine m(-5).
4
Suppose -30 + 38 = -4*s. Let a(g) be the third derivative of -g**5/60 + g**4/8 + g**3/2 + 4*g**2 + 8*g. What is a(s)?
-7
Let a = -14909 + 14915. Let u(p) = 2*p**2 - 10*p - 5. Determine u(a).
7
Let d(u) = 5*u**2 - 2*u. Let s = 146 - 93. Suppose -28*g = -z - 30*g - 47, -g = 3*z + 151. Let x = s + z. Determine d(x).
16
Suppose m - 34 = -5*v, 6*m + 2 = v + 5*m. Let d(s) = s**2 + s. Let q(b) = 2*b**2 + 8*b - 1. Let w = -27 - -28. Let a(t) = w*q(t) - 3*d(t). Determine a(v).
-7
Suppose 0 = 9*j + 59 - 77. Let l(x) = 2 + j + 483*x + x**2 - 475*x - 13. What is l(-11)?
24
Let t(g) = g**2 - 18*g + 21. Let w be t(22). Suppose 109 - w = -s. Let o(h) = h**2 - h - 13. Calculate o(s).
-13
Let d(r) = r + 1. Let o = 204 - 182. Suppose -o = 11*f - 55. Give d(f).
4
Let q = 104 + -74. Suppose -3*p - 3*p = -q. Let y be -1 - (1 + p + -3). Let t(r) = -r + 3. Give t(y).
7
Let f be (-14 - -10)*-2*1. Suppose -3*w = 2*d - 31, -4*d + 8 = 3*w - 39. Let g(z) = d*z - 5 - 6 + 0*z**2 - z**2 + 5. Calculate g(f).
-6
Let c(u) = -u**2 - 2*u + 1. Suppose 0 = 2*r - 5*r - 3*h + 63, -2*r + 7 = -5*h. Suppose -f - 19 = -r. Let y be 27/36*(-4)/f. What is c(y)?
-2
Let j = 183 + -145. Let o(m) = 8*m - 34 + 72 - j. Calculate o(-2).
-16
Let c(b) be the first derivative of 15*b**2/2 - 9*b + 2014. Determine c(2).
21
Let w(t) = 56*t**2 + 20*t + 19. Let i(h) = 10*h**2 + 4*h + 4. Let a(b) = -11*i(b) + 2*w(b). Give a(4).
10
Let z(y) be the third derivative of -y**6/120 + 7*y**3 + 49*y**2 + 15. What is z(0)?
42
Let a(d) = -2*d - 7. Let k(b) = -19*b - 58. Let c be k(-7). Let p = c + -78. Give a(p).
-1
Let b(c) = c**2 + 39*c + 337. Let r be b(-27). Let n(y) = 3*y - 51. Calculate n(r).
-12
Let p be 2/12 + (-830)/(-60). Suppose -2*r = -4*o + 72, 2*r = -2*o - p - 52. Let m = r - -25. Let s(n) = 2*n + 7. Calculate s(m).
-11
Let i(q) = q**2 + 2*q - 50. Suppose 197*o - 191*o - 12 = 24. Calculate i(o).
-2
Let r(m) = -m**3 + 3*m**2 - 4*m + 7. Let h(n) = 6*n**3 - 17*n**2 + 20*n - 39. Let c(o) = -2*h(o) - 11*r(o). Let x = -10 - -7. Give c(x).
25
Let k(s) = 5*s + 12*s + 9*s + 11 + 11*s - 36*s. Let v = 0 + 17. Suppose 9 + v = -3*q + b, 4*q + 44 = -b. Determine k(q).
1
Let b(g) be the first derivative of g**5/60 + g**4/24 + 107*g**2/2 + 96. Let m(r) be the second derivative of b(r). Determine m(-3).
6
Let b = -1147 + 1157. Let i = -2 + 7. Suppose -3*x = 3*l, i*x + b + 2 = -l. Let f(g) = g**3 + 3*g**2 - 4*g - 4. Determine f(x).
8
Let b(h) = h**2 - h + 2. Suppose -18*q + 71 = 17. Let o(p) = p**2 + 3*p - 20. Let l be o(q). Determine b(l).
8
Let r(a) = -a**2 + 11*a - 3. Let c = -31 - -92. Suppose 49 + c = 11*v. What is r(v)?
7
Let o(a) be the third derivative of -9*a**4/4 + 2*a**3 - 1297*a**2. What is o(1)?
-42
Let t(s) = -s**2 - 6 - 3*s - 1 + 4. Let v be (-18)/15 - (-148)/(-185). Give t(v).
-1
Let a = 65 - 59. Suppose 0*h - 36 = -a*h. Let y be h/3 + (-9 - (1 - 6)). Let k(t) = -2*t**2 + 2. Give k(y).
-6
Let c(y) = y**3 + 9*y**2 + y + 12. Let f = -3434 - -3425. What is c(f)?
3
Let h(z) = z + 53164*z**3 - 53163*z**3 + 19*z**2 - 24*z**2. Let b be 1*-1*(0 - 0). Suppose -4*s - d + 19 = b, -s - d + 5 = 1. What is h(s)?
5
Let w(p) = p**3 + 11*p - 27. Let t be (-10)/(-75) + 28*2/30. Give w(t).
3
Let j(z) be the second derivative of z**4/